{"id":2008,"date":"2020-09-18T08:21:01","date_gmt":"2020-09-18T06:21:01","guid":{"rendered":"https:\/\/www.seetal-chile.ch\/?post_type=aktivitaet&#038;p=2008"},"modified":"2024-08-09T14:36:19","modified_gmt":"2024-08-09T12:36:19","slug":"fruehgebet","status":"publish","type":"aktivitaet","link":"https:\/\/www.seetal-chile.ch\/fr\/aktivitaet\/fruehgebet\/","title":{"rendered":"Fr\u00fchgebet"},"content":{"rendered":"<p>Il est important pour nous de porter notre \u00e9glise ensemble dans la pri\u00e8re. Pour cela, nous nous retrouvons tous les samedis matins, sauf pendant les vacances scolaires, \u00e0 6 heures au centre de la seetal chile. Nous y prions pendant environ une heure et prenons ensuite le petit d\u00e9jeuner tous ensemble dans notre bistrot jusqu'\u00e0 8 heures. Tu peux \u00eatre pr\u00e9sent une fois, r\u00e9guli\u00e8rement ou ponctuellement, nous nous r\u00e9jouissons de la pr\u00e9sence de chacun, quel que soit son \u00e2ge ou son sexe.<\/p>","protected":false},"featured_media":2040,"template":"","zielgruppe":[36,38,41,37,39],"class_list":["post-2008","aktivitaet","type-aktivitaet","status-publish","has-post-thumbnail","hentry","zielgruppe-erwachsene","zielgruppe-frauen","zielgruppe-junge-erwachsene","zielgruppe-maenner","zielgruppe-senioren"],"acf":[],"_links":{"self":[{"href":"https:\/\/www.seetal-chile.ch\/fr\/wp-json\/wp\/v2\/aktivitaet\/2008","targetHints":{"allow":["GET"]}}],"collection":[{"href":"https:\/\/www.seetal-chile.ch\/fr\/wp-json\/wp\/v2\/aktivitaet"}],"about":[{"href":"https:\/\/www.seetal-chile.ch\/fr\/wp-json\/wp\/v2\/types\/aktivitaet"}],"wp:featuredmedia":[{"embeddable":true,"href":"https:\/\/www.seetal-chile.ch\/fr\/wp-json\/wp\/v2\/media\/2040"}],"wp:attachment":[{"href":"https:\/\/www.seetal-chile.ch\/fr\/wp-json\/wp\/v2\/media?parent=2008"}],"wp:term":[{"taxonomy":"zielgruppe","embeddable":true,"href":"https:\/\/www.seetal-chile.ch\/fr\/wp-json\/wp\/v2\/zielgruppe?post=2008"}],"curies":[{"name":"wp","href":"https:\/\/api.w.org\/{rel}","templated":true}]}}

Frühgebet

<p>Il est important pour nous de porter notre église ensemble dans la prière. Pour cela, nous nous retrouvons tous les samedis matins, sauf pendant les vacances scolaires, à 6 heures au centre de la seetal chile. Nous y prions pendant environ une heure et prenons ensuite le petit déjeuner tous ensemble dans notre bistrot jusqu'à 8 heures. Tu peux être présent une fois, régulièrement ou ponctuellement, nous nous réjouissons de la présence de chacun, quel que soit son âge ou son sexe.</p>
